) = -2*u**3 - 2*u**2 - 3. Let i be v(-2). Let n(c) = 2*c**2 + 7*c - 1. Let r(s) = s**2 + 4*s - 1. Let m(t) = i*r(t) - 3*n(t). Give m(-3).
-8
Let k(h) = h**2 + 8*h - 18. Let s(t) = 2*t**2 + 6*t - 21. Let q(i) = 3*k(i) - 2*s(i). Give q(11).
-1
Let b(w) be the first derivative of w**4/4 - 7*w**3/3 - w**2/2 + 8*w + 78. What is b(7)?
1
Let r(j) = j + 5. Let u be r(-3). Let g(p) = -2. Let a(z) = -7*z - 11. Let s(o) = o + 1. Let f(n) = a(n) + 6*s(n). Let w(y) = u*f(y) - 5*g(y). What is w(4)?
-8
Let r(f) be the second derivative of 4*f + 0*f**3 - 1/2*f**2 + 1/3*f**4 + 0. Calculate r(1).
3
Let q(l) = 11*l - l**2 + 3*l - 7*l - 2 - l. Give q(5).
3
Let u be 4/6*(-294)/49. Let a(r) = -r**2 + 3*r + 6. Let x(o) = -o - 1. Let l(y) = -a(y) - 6*x(y). Determine l(u).
4
Let h(b) = -b. Let y(w) = -7*w - 10. Let o(l) = -6*h(l) + y(l). Let z be o(-9). Let q(u) be the second derivative of u**4/12 + u**3/3 + u**2/2 + 2*u. Give q(z).
0
Suppose -m + 1 = -4*v + 27, 0 = v + 4*m + 2. Suppose 3*b + 5*w - 29 = 2, -3*b + 2*w + 17 = 0. Suppose b*q = v*q. Let p(x) = x**2 + x - 7. Give p(q).
-7
Let u(b) = -2*b**2 + 3*b - 4. Suppose 8 = 2*q, 8 = -0*r + r + q. Suppose -2*w = -r*w + 6. What is u(w)?
-13
Suppose -6 = -5*n + 3*n. Let k(m) = n + m - m - m - 4. Calculate k(3).
-4
Let c(h) = -h**3 - 4*h**2 + 5*h + 7. Let n(o) = o**2 - 10*o + 10. Let b be n(10). Suppose -3*m + b = 25. What is c(m)?
7
Let y(c) be the second derivative of -4*c**4/3 - c**3/6 - c**2/2 - 66*c. Let m(n) = n + 3. Let q be m(-4). What is y(q)?
-16
Let h be 11/(-55) + 3/10. Let g(m) be the third derivative of 0*m + 1/4*m**4 + h*m**5 + 0 - 2/3*m**3 - 2*m**2 + 1/120*m**6. Give g(-5).
-9
Let i(g) = g**2 - 5*g - 69. Let r be i(-6). Let v(p) = p**3 + 5*p**2 + 3*p + 1. Determine v(r).
10
Let l(a) = -18*a + 3. Suppose k - 5*k + 50 = -3*r, r - 2 = 0. Suppose 19*q + k = 26*q. What is l(q)?
-33
Let j(t) = 3*t. Let d be j(1). Suppose d*u = -2*l - u + 16, -15 = -5*u. Let z(r) = 3*r + 2*r**2 - r**2 - 1 + r**l - 3*r**2. Give z(3).
-1
Let v(c) = -4*c. Let b(l) = -l. Let r(s) = -5*b(s) + v(s). Let o be ((-13)/2 - -3)/(2/(-4)). Give r(o).
7
Let c(x) = 6*x - 9. Let s be c(7). Let r(y) = -61 + s + 32 - 2*y. Let l = 7 - 4. Determine r(l).
-2
Let b(h) = -h**2 + 7. Let u = -1983 + 1988. Determine b(u).
-18
Let n(c) = 2*c + 4. Let o be n(4). Suppose -4*h + 2*s = 6, -5*h = 2*s + 2*s - o. Suppose 0 = -h*m - m - 1. Let j(u) = -13*u**2 - u. Give j(m).
-12
Let l(k) = 7 + 294*k - 2 - 295*k + 9. Calculate l(7).
7
Let w(f) be the third derivative of f**5/60 - f**4/24 - 5*f**3/6 - 9*f**2 - 2*f. Let h be 1/3 - (-28)/6. What is w(h)?
15
Let i be 8/(2 + 0) - -1. Suppose -5*n - 23 = 3*t, n - 29 = i*t - 0*n. Let d(c) = c**3 - 5*c**2 + 1 - 5 - 2*c**3 + 5*c - 3. Determine d(t).
-1
Let c be -2 - 2 - (-2 - 1). Let p(v) = v. Let h(g) be the third derivative of 3*g**4/8 + g**3/6 - 12*g**2. Let j(m) = h(m) - 2*p(m). Give j(c).
-6
Let c(y) = 1 - 17*y**2 + 27*y**2 - 3*y - 23*y**2 - 2*y + y**3 - 12. Calculate c(13).
-76
Let x be (-2)/5 + (-44)/(-110). Let z be x/2 - (-2 + 2 + 1). Let v(g) = 16*g - 1. Calculate v(z).
-17
Let q(u) = -u**2 + 8*u - 7 - 7 + 5. Let k(l) = -l**3 - 21*l**2 + 101*l + 31. Let a be k(-25). What is q(a)?
3
Let k(g) = -2*g - 7. Suppose 2*u - 3*o + 39 = -2*u, 4*o = -2*u + 8. Let z be k(u). Let c(n) = 7*n - 10. Let w(d) = -d. Let i(a) = c(a) + 6*w(a). Determine i(z).
-5
Suppose 0 = 21*d + 54 + 114. Let c(f) = f**3 + 7*f**2 - 7*f - 1. What is c(d)?
-9
Let r(j) = j**2 + 4*j - 1. Let c be r(-5). Let o(u) = 4*u**3 - 6*u**2 + u - 5. Let h(v) = -v**3 + v. Let m(l) = -3*h(l) - o(l). Calculate m(c).
21
Let j(b) = b**3 - 4*b**2 - 6*b - 5. Let l = 8 + -4. Suppose -4*z + 1 + 7 = -l*m, 4*m = -5*z + 37. What is j(z)?
-10
Let l(q) = -2*q - 8. Let u be l(-4). Let c(n) = 6*n + u*n + n**2 + 0 - 4*n - 1. Calculate c(-2).
-1
Let r(v) = -5*v**2 + 6*v + 1. Suppose -4*y - 5*c = -32, -3*y = -8*y - 5*c + 35. Let x(p) = 6*p**2 - 7*p. Let k(j) = y*r(j) + 2*x(j). What is k(-2)?
-17
Let q(w) = 5*w**3 + 7*w**2 + 3*w + 3. Let m(n) = 3*n**3 + 3*n**2 + n + 1. Let l(s) = -5*m(s) + 2*q(s). Give l(-1).
4
Let m(v) = v - 4. Let w(a) = 4*a**2 - 3*a**2 + 7 - 8 + 4*a**3. Let s be w(1). Give m(s).
0
Suppose -15*v + 32*v = 0. Let q(y) be the third derivative of -5*y**2 + 1/4*y**4 - 1/60*y**5 + 0*y + v + 1/2*y**3. Calculate q(5).
8
Let m(q) = 3*q**2 - q + 5 - 3 + 2*q. Let f = -225 - -222. Give m(f).
26
Let t(m) be the second derivative of -m**3/6 - 2*m**2 - 101*m. Give t(-6).
2
Let g(z) = 6*z**2 - 2 - z**2 + 1 + 0 + 8*z - z**3. Determine g(6).
11
Suppose -4*i - 16 = 0, 69 - 85 = g + 5*i. Let v(u) be the third derivative of -1/12*u**g + 0 + 8*u**2 + 0*u + 1/3*u**3. Calculate v(5).
-8
Let s(g) = g. Let m(c) = c + 1. Let b(u) = 4*m(u) - 5*s(u). Let q be b(7). Let f(l) = l**2 + 7*l + 2. Give f(q).
-10
Let b(a) = a**3 + 6*a**2 + 5*a + 6. Suppose -4*v + 2*f + 157 = v, v - 25 = 2*f. Suppose -4*n = 3*s + 31, -2*s + 2*n = -7*s - v. What is b(s)?
6
Suppose 0 = a - 5 + 4. Let y be ((-7)/7 + 8)*4. Let w(t) = -y*t + 20*t + 1 - 1. Calculate w(a).
-8
Let s(n) be the first derivative of n**2/2 - 10*n - 1. Let h be -1*20*(-5)/10. Let w be s(h). Let b(x) = -x**3 + x**2 - x + 4. Calculate b(w).
4
Let z be 3 - (216/99 + (-2)/11). Let j(y) = 5*y - z + 5*y + y - 14*y. Calculate j(4).
-13
Let a(k) = 70*k**2 + k**3 - 9 - k - 279*k**2 + 67*k**2 + 72*k**2 + 69*k**2. Calculate a(0).
-9
Let z(f) = f**3 - 4*f**2 - 6*f + 6. Let p(j) = -j**3 + 13*j**2 - 22*j + 5. Suppose -27 = -4*g - 5*b + 2, -12 = 4*b. Let s be p(g). Calculate z(s).
1
Let u(r) = -4*r**2 + 6. Let f(a) = a**2 + a - 1. Let z(m) = -6*f(m) - u(m). Let g be 5 + -6 + (-1 - -4). Let v be 3*6/(-3) + g. Calculate z(v).
-8
Suppose 51*u - 46*u = 5. Let h(w) = -5*w**2 + 1. Calculate h(u).
-4
Let s(y) be the second derivative of -y**4/12 - y**3/6 - y**2/2 + 25*y. Suppose 12*b - 13*b - 2 = 0. What is s(b)?
-3
Suppose 3*b + 21 = -12. Let c = b - -10. Let d(x) = -10*x. Determine d(c).
10
Let l(z) = -2 - 4*z + 4 + 9 + 4 + 3*z. Determine l(0).
15
Let q(w) = w**3 + w + 47. Let j(z) = 3*z + 78. Let a be j(-26). Give q(a).
47
Let n(v) = -v**2 - 5*v + 2. Let u(w) = 2*w - 1. Let o(l) = 2*n(l) + 7*u(l). Let d be (-11)/(-4) + (-4)/(-16). Calculate o(d).
-9
Let n(j) be the first derivative of -3*j**4/4 + j**3 - j**2/2 - 96. Determine n(2).
-14
Let m = 13 - 17. Let c(k) = -67 - 7*k + 72 - 4*k**2 + 3*k**2. What is c(m)?
17
Let c(p) be the second derivative of 0 - 69*p + 1/12*p**4 + 1/2*p**2 + 1/6*p**3. Suppose -2 = w - 0. Calculate c(w).
3
Let j be (-3 - (-45)/21)*-7. Suppose 0 = -j*h + 2*h + 12. Suppose h*w - 4*q = 7, 2*w - q + 5 = -w. Let n(u) = -2*u**2 - 4*u - 2. What is n(w)?
-8
Suppose -3*v = v + 36. Let r(u) = 0 - 5*u - 3*u + 3*u + 21. Let p(f) = -2*f + 10. Let k(w) = v*p(w) + 4*r(w). Determine k(-5).
4
Suppose 12 = 4*k, g + 36 = 6*g + 2*k. Let x(b) = -2*b**2 - 11*b - 8. Let n(d) = -d**2 - d - 2. Let l(h) = 3*n(h) - x(h). Calculate l(g).
14
Let a be 55/3 + (15/9)/(-5). Let g(m) = -m**3 + 18*m**2 + 2*m - 41. Let z be g(a). Let j(q) = -q**2 - 3*q + 1. Determine j(z).
-9
Let x(s) = -s**3 - s. Let m be (-3 - -1) + (-2 + 4)*3. Let y be (12/3)/2 - 8/m. Give x(y).
0
Let m(i) = 2 + 7 + 5*i - 12 - i**2. Give m(5).
-3
Let z(o) be the first derivative of -o**4/4 + 8*o**3/3 + 6*o**2 - 20*o + 73. Determine z(9).
7
Let g(y) = -1 + 2*y - 2*y - 2 - 8*y**3 + 7*y**3 + 4*y**2. Determine g(3).
6
Let t(o) = 1 - 5 + o + 3*o. Let d = 1316 - 1312. Calculate t(d).
12
Let c(g) = -5*g**2 - g - 1. Let t(v) = 6*v - 7. Let o be t(1). Calculate c(o).
-5
Let i(z) = z**2 - 6*z + 10. Let k be i(3). Let r(b) = -2*b**3 - 2*b**2 + b - 1. Let s be r(-2). Let q(a) = -a - 5 + 2*a**2 + s. What is q(k)?
1
Let m be 11/(22/16) + -8. Let v(b) be the second derivative of 2/3*b**3 + 1/4*b**4 + 6*b + m - 1/20*b**5 + b**2. Determine v(4).
2
Suppose -c + 31 = -5*z - 29, -3*z - 49 = 2*c. Let k be 1/3*(-3 + 24). Let p = z + k. Let f(m) = -m**3 - 5*m**2 + 6*m - 6. Give f(p).
-6
Let u(z) = 2*z + 16. Suppose -a = 2*c - 5*a + 16, 5*a = -4*c - 32. Give u(c).
0
Let u = -30 + 33. Let l be 1/((-1)/(-8)) + -1. Suppose -l*z = -u*z. Let n(s) = -s + 5. Calculate n(z).
5
Let g(d) = -d**2 - 5*d + 11. Let t(f) = -6*f + f**2 - 3*f + 10 + 18*f. Let r be t(-3). Determine g(r).
-13
Let u(y) = 7*y + 3. Let i be 7 - 5/10*18. What is u